 -c + 5*g. Suppose -4*w - 30 = -3*j, -5*j + w + c*w = -33. What is the units digit of j?
6
What is the tens digit of (-8)/10*(-3)/((-15)/(-475))?
7
Let w be 2/8 + (-10)/8. Let h = 4 + w. Suppose h*k - 68 = -k. What is the units digit of k?
7
Suppose -5*v - 7 - 3 = 0. Let j(m) = -m**3 - 3*m**2 - 2*m + 3. Let l be j(-3). Let r = v + l. What is the units digit of r?
7
Let r = 79 - 30. What is the units digit of r?
9
Suppose -m - 2*m + 129 = 3*g, 0 = -g - 5*m + 63. What is the tens digit of g?
3
Suppose -7*h + 8*h = 20. Let v = 35 - h. What is the units digit of v?
5
Let c(v) = -5*v**3 - 2*v - 2. What is the tens digit of c(-2)?
4
Let o(q) = 2*q - 6. Let f be o(4). Suppose -5 = -f*t + t. What is the units digit of t?
5
Let u = 4 - 2. Suppose -4*h - 7 = -5*f, h - 2*f = -7 + 3. What is the units digit of u/(-3)*(-15)/h?
5
Suppose 0 = -p - 3*p + 40. Suppose 0*s - p = -s + 5*n, -3*n = 4*s - 17. Suppose -4*d - d = s*a - 20, 6 = 3*d - 3*a. What is the units digit of d?
3
What is the units digit of ((-10)/4)/((-18)/(-4) - 5)?
5
Suppose 3*p = 9, -4*h + 9 + 0 = -p. Suppose h*v - 34 = -4. Let o = 20 - v. What is the tens digit of o?
1
What is the units digit of ((-16)/(-3))/(3/45)?
0
Suppose m - 8 = 5*x - 0*m, 0 = 5*x + 5*m + 20. Let p be 4/(-12)*(-6)/x. What is the units digit of p + (0 - -4*1)?
3
Suppose -21 = -g + 44. What is the units digit of g?
5
Let q = 5 - -3. Suppose -3*m = -0*m + 12. Let w = q + m. What is the units digit of w?
4
Let u = 57 + 11. What is the units digit of u?
8
Let h(r) = r**3 + 14*r**2 - 2*r - 20. Suppose -k = 2*k + 42. What is the units digit of h(k)?
8
Let w(d) = -5*d + 7. What is the tens digit of w(-8)?
4
Suppose -8*h = -4*h - 44. Suppose 5*b + n = 9 + 13, -3*n = 4*b - h. Suppose b = v - 3. What is the units digit of v?
8
Suppose 0 = 6*k - 4*k - 28. Suppose -v - k = -5*g, g - 2 + 0 = v. What is the units digit of v?
1
Let n(p) = 3*p**2 + 2*p + 1. Let u be n(-1). What is the tens digit of (-2)/1 - u - -41?
3
Let c = 11 - 22. Let y be (-3)/9 + c/3. What is the units digit of (y/6)/((-2)/33)?
1
Let t = -11 - -16. Suppose 2*v - 17 = -0*v - 5*p, 0 = -t*v + 2*p + 86. What is the tens digit of v?
1
Let w = -119 - -200. What is the units digit of w?
1
Let g = -26 - -92. What is the tens digit of g?
6
Suppose 0 = 6*z - 7*z - 14. Let r = 28 + z. What is the tens digit of r?
1
Suppose -6 = -3*z - 3*c, 0 = -5*z + c + 10. Let v be (-24)/z*(-3)/6. What is the units digit of 22/6 - v/9?
3
Let t = -17 - -47. What is the units digit of t?
0
Let j = -67 + 125. Suppose 0*q + 16 = 2*q - 4*d, -39 = -3*q + 3*d. Suppose 5*k - j = -q. What is the units digit of k?
8
What is the units digit of 24/(-6) - 7*-10?
6
Let s = -13 + 6. Let g = -1 - s. What is the units digit of g?
6
Let q(p) = -p - 20. Let z(a) = 7. Let d(x) = 4*q(x) + 11*z(x). What is the units digit of d(-6)?
1
Suppose -5*y + 7*l + 125 = 2*l, -4*l - 73 = -3*y. What is the units digit of y?
7
Let l(j) = 4*j**2 - 7. Let s(w) = -5*w**2 + 8. Let u(c) = -6*l(c) - 5*s(c). What is the units digit of u(0)?
2
Let y = 148 + -106. What is the tens digit of y?
4
Let f(w) = w**3 + 11*w**2 - 14*w - 3. Let a(h) = -h**2 - 3. Let y be a(3). What is the tens digit of f(y)?
2
What is the units digit of (-7)/((-21)/450) - (-9 + 9)?
0
Let v = -1 - -2. What is the units digit of 0 + v - (-7 - -3)?
5
Suppose -4*h + 2*c + 22 = 0, 3*h + 3*c + 6 = -0*h. Let i(n) = 4*n. What is the tens digit of i(h)?
1
Suppose 5*j - 170 = -5*c, -5*c = 3*j - 4*j + 22. Let i = j + -19. What is the tens digit of i?
1
Let m(j) = j**2 + 8. Let s be m(6). What is the tens digit of 1752/s - 8/(-44)?
4
Let p = 2 + 5. Suppose -t - 6 = -h, h - 2*t = 4*h - 28. Let x = h + p. What is the units digit of x?
5
Let i(b) = b**2 + 1. Let a be (-4)/5*10/(-4). Let r be i(a). What is the units digit of r/(-20) + (-18)/(-8)?
2
Let t(z) = -6*z + 2. Let n be t(-5). Let v = n - 18. What is the units digit of v?
4
Let v(q) = 7*q**3 + q. Let p be (-5)/(15/(-2))*3. Let c be p/6 - 2/(-3). What is the units digit of v(c)?
8
Suppose w = 5*m - 21, m - 11 = -3*w + 6. Suppose 5*i + w - 14 = 0. Suppose -24 = -0*n - i*n. What is the tens digit of n?
1
Let g be -7*((-40)/14)/2. Suppose -2 + g = j. What is the units digit of j?
8
Suppose -b + 252 = -16. What is the tens digit of b?
6
Let b be 1180/25 - (-2)/(-10). Let m = -3 + b. What is the tens digit of m?
4
Suppose 0 = 3*z + 3*c - 231, -4*z + 312 = 4*c - 2*c. What is the units digit of z?
9
Let z = -6 - -24. Let o(s) = -s**2 - 10*s - 7. Let u be o(-10). Let y = u + z. What is the tens digit of y?
1
Suppose -5 = 4*m - 5*m. Suppose 10 + 40 = 5*c + 3*b, m*c - b = 50. Let s(k) = -k**2 + 10*k + 3. What is the units digit of s(c)?
3
Let s(t) = -6*t**2 + 0*t**3 + t - 6 + 7*t + t**3. What is the units digit of s(5)?
9
What is the units digit of (-190)/25*45/(-6)?
7
Suppose 5*z - 4*p - 889 = -5*p, 0 = -5*z - 5*p + 905. What is the tens digit of z?
7
Suppose 5 = z + 2. Suppose -7 = z*g + 26. Let o = g + 21. What is the units digit of o?
0
Let b be 3 + (3 + -1)*11. Let p = b + -14. What is the tens digit of p?
1
Suppose 0 = -2*p - 8, v = 4*p - 6 + 27. Suppose 76 = 3*k + 2*f - 8, v*k = -3*f + 141. Suppose -2*s - 10 = -k. What is the tens digit of s?
1
Let u(a) = -32*a - 1. What is the units digit of u(-1)?
1
Suppose -3*w + 1 = 4*k + 2, 5*k = -5*w + 5. Suppose 4*c = w*r - 1 - 147, -62 = -2*r + 3*c. What is the units digit of r?
8
Suppose -5 = 5*n + 4*k, -n - 3 = -3*k - 2. Let q = 21 - n. What is the units digit of q?
2
Suppose -16 + 114 = -y. Let q = 139 + y. What is the tens digit of q?
4
Let x = -3 + -2. What is the units digit of -2 + -1 - (0 + x)?
2
Let j(w) = 12*w - 2. Suppose 5*u = 4 + 16. Let g be j(u). Let d = g + -28. What is the tens digit of d?
1
Let b = -4 - -47. What is the tens digit of b?
4
Let m be ((-84)/18)/((-4)/(-6)). Let i(k) = -13 - 3*k + k + 3. What is the units digit of i(m)?
4
Suppose 0 = -3*m - 3, -2*w - 1 = 5*m + 2. Suppose 5*t = -2*f - w, t + t - 5*f = 17. Suppose -s + 2*v = 0, -2*s - t = -0*s - 5*v. What is the units digit of s?
2
Suppose 4*b - 16 = -0*b. Suppose -m + b*m = 129. What is the tens digit of m?
4
Let d(m) be the first derivative of -m**2/2 + 4*m - 2. What is the units digit of d(3)?
1
Suppose -w = 4*f + 1 + 6, 0 = -5*w - 5*f - 35. Let u = w - -14. What is the units digit of u?
7
Let u(k) = k**2 + k - 4. Let y = 5 + -8. Let g(b) = b**2 + 5*b + 2. Let o be g(y). What is the units digit of u(o)?
8
What is the tens digit of (-2)/2*(3 + 2 - 96)?
9
Let n = 12 + -19. Let o = n - -8. Suppose -3*w + 6 = 4*m - o, -3*w + 2*m = -37. What is the units digit of w?
9
Suppose -12 = -3*s - s. Suppose 3*p - 77 = -4*q, -s*q + 18 = -2*q + 2*p. Suppose l + 4*l - 19 = -j, 4*l - q = 4*j. What is the units digit of l?
4
Suppose d + d - 343 = -3*s, s - 661 = -4*d. What is the tens digit of d?
6
Suppose 11 = 3*q + 2*b - 5, -4*q + 2*b + 12 = 0. Suppose -p + 2*p + 3 = 0. Let a = q + p. What is the units digit of a?
1
Let s(h) = 3*h**2 - 2*h + 3. Let j be -4*(-1)/4*2. What is the units digit of s(j)?
1
Suppose 4*i - 7 = 13. What is the units digit of i?
5
Let a = 9 + -25. Let t = a - -50. What is the units digit of t?
4
Suppose w - 17 + 7 = 0. What is the tens digit of w?
1
Suppose -54 = 3*l + l + 3*m, -5*l - 50 = -5*m. What is the units digit of (l/5)/((-4)/10)?
6
Let x(z) = z**3 + 12*z**2 + 11*z + 1. Let o = -26 + 15. Let v be x(o). Suppose 0*m = -m + v. What is the units digit of m?
1
Let h = 46 - 19. What is the units digit of h?
7
Let t = -3 - -5. Suppose -5*g = -t*g. Suppose -4*v - k = -8 - 28, g = -v + 2*k + 18. What is the tens digit of v?
1
Let q(l) = 4*l - 37. What is the units digit of q(23)?
5
Suppose -22 = -5*m + s, 4*s + s = 3*m - 22. Let v be 2 + m/2 + -2. Suppose -q = v*q - 6. What is the units digit of q?
2
Let u(j) = j**2 - 9*j + 16. What is the units digit of u(13)?
8
Suppose -3*m + 0*m + 66 = 0. Let b be 3/9 + m/6. Suppose b*d - 7 = 5. What is the units digit of d?
3
Let a(n) = -n. Let w be a(0). Suppose w = -2*t - 4 + 18. What is the units digit of t?
7
Let b = 8 + -6. Suppose -18 = -b*g + 5*a + 3, -3*g + 18 = -3*a. Suppose 0 = -g*j + 5*q, -j - 5*q + 26 = 6. What is the units digit of j?
5
Let w = -15 - -51. What is the tens digit of w?
3
Suppose 5*i = 3*i + 484. What is the tens digit of 